093306155.
5, 6299, 193469
What are the prime factors of 2087899195?
5, 787, 530597
What are the prime factors of 121513565?
5, 47, 517079
What are the prime factors of 2212695545?
5, 442539109
List the prime factors of 71135153.
167, 425959
What are the prime factors of 1961462891?
19, 47, 2196487
What are the prime factors of 395916576?
2, 3, 11, 37, 10133
What are the prime factors of 7977680635?
5, 18379, 86813
What are the prime factors of 61853437?
3947, 15671
What are the prime factors of 1376299934?
2, 61, 11281147
List the prime factors of 14479555.
5, 29, 99859
List the prime factors of 59607201.
3, 73, 272179
List the prime factors of 111123456.
2, 3, 61, 593
What are the prime factors of 128401617?
3, 23, 1860893
List the prime factors of 3033683279.
11, 19, 23, 1193
List the prime factors of 125856853.
59, 2133167
List the prime factors of 1987288234.
2, 993644117
What are the prime factors of 1015916366?
2, 43, 11812981
List the prime factors of 762003066.
2, 3, 11, 173, 6067
List the prime factors of 199879365.
3, 5, 7, 37, 51449
What are the prime factors of 33607457?
13, 523, 4943
What are the prime factors of 453909298?
2, 4297, 52817
What are the prime factors of 2526711873?
3, 7, 673, 178781
What are the prime factors of 1492173001?
11, 23, 5897917
What are the prime factors of 233231257?
7, 239, 139409
List the prime factors of 46217742.
2, 3, 41, 187877
What are the prime factors of 360112724?
2, 90028181
List the prime factors of 1221723145.
5, 244344629
List the prime factors of 158747434.
2, 2843, 27919
What are the prime factors of 163025406?
2, 3, 3018989
What are the prime factors of 431992759?
11, 19, 2066951
What are the prime factors of 166223548?
2, 971, 42797
What are the prime factors of 3008628891?
3, 19, 89, 197689
List the prime factors of 47627513.
839, 56767
What are the prime factors of 195593747?
195593747
List the prime factors of 500286179.
23, 3203, 6791
List the prime factors of 137880670.
2, 5, 13788067
List the prime factors of 570819952.
2, 113, 239, 1321
List the prime factors of 20528394.
2, 3, 3421399
What are the prime factors of 260663911?
53, 4918187
List the prime factors of 61667275.
5, 2466691
What are the prime factors of 1566678395?
5, 571, 548749
List the prime factors of 283783540.
2, 5, 103, 347, 397
List the prime factors of 650153989.
19, 89, 384479
List the prime factors of 1174977310.
2, 5, 13, 23, 392969
What are the prime factors of 353694723?
3, 997, 118253
List the prime factors of 776899689.
3, 809, 320107
What are the prime factors of 380624651?
11, 223, 155167
List the prime factors of 824535449.
43, 2897, 6619
List the prime factors of 404447913.
3, 151, 297607
List the prime factors of 422439830.
2, 5, 42243983
What are the prime factors of 19459721?
19459721
What are the prime factors of 9581184?
2, 3, 8317
What are the prime factors of 81450753?
3, 89, 257, 1187
What are the prime factors of 150203395?
5, 30040679
What are the prime factors of 212607387?
3, 61, 387263
List the prime factors of 169255786.
2, 7, 857, 14107
What are the prime factors of 146673566?
2, 13, 5641291
What are the prime factors of 766865396?
2, 11, 17428759
What are the prime factors of 1247146664?
2, 23, 6777971
What are the prime factors of 77064872?
2, 9633109
What are the prime factors of 46317663?
3, 7, 81689
List the prime factors of 116236321.
29, 4008149
What are the prime factors of 5002844366?
2, 13, 1097, 175403
List the prime factors of 17647625.
5, 141181
What are the prime factors of 70258625?
5, 41, 13709
What are the prime factors of 364784645?
5, 6029, 12101
List the prime factors of 33555968.
2, 65539
List the prime factors of 35964382.
2, 17982191
List the prime factors of 88289400.
2, 3, 5, 37, 41, 97
What are the prime factors of 591164286?
2, 3, 98527381
List the prime factors of 740257365.
3, 5, 59, 836449
What are the prime factors of 18097215?
3, 5, 19, 63499
What are the prime factors of 440186684?
2, 7, 101, 155653
List the prime factors of 83007498.
2, 3, 7, 17, 116257
List the prime factors of 86924344.
2, 13, 835811
What are the prime factors of 10333183?
7, 1476169
What are the prime factors of 551221788?
2, 3, 13, 31, 113983
List the prime factors of 381048254.
2, 190524127
What are the prime factors of 25232293?
53, 476081
List the prime factors of 1508240503.
7, 11, 3923, 4993
What are the prime factors of 1677210277?
8179, 205063
List the prime factors of 468206989.
468206989
What are the prime factors of 22015293?
3, 7338431
List the prime factors of 83153574.
2, 3, 7, 219983
List the prime factors of 33710115.
3, 5, 2247341
What are the prime factors of 3231787266?
2, 3, 179543737
What are the prime factors of 638751902?
2, 47, 6795233
What are the prime factors of 212848681?
167, 191, 6673
List the prime factors of 23355565.
5, 4671113
What are the prime factors of 1512174137?
10067, 150211
List the prime factors of 427438158.
2, 3, 7, 67, 151897
What are the prime factors of 38205618?
2, 3, 11, 19, 30467
List the prime factors of 101584451.
101584451
What are the prime factors of 221350428?
2, 3, 13, 37, 4261
What are the prime factors of 1077343279?
31, 71, 489479
What are the prime factors of 3326190326?
2, 2017, 824539
What are the prime factors of 121753446?
2, 3, 20292241
What are the prime factors of 62308147?
11, 5664377
What are the prime factors of 592809385?
5, 7, 1759, 9629
What are the prime factors of 1191023231?
61, 19524971
List the prime factors of 1084844762.
2, 4723, 114847
List the prime factors of 74143054.
2, 19, 1951133
List the prime factors of 2961938516.
2, 859, 862031
List the prime factors of 422085603.
3, 37, 691, 5503
What are the prime factors of 36590705?
5, 311, 23531
List the prime factors of 11689384.
2, 7, 208739
List the prime factors of 2436320457.
3, 137, 658643
What are the prime factors of 22966259?
23, 599, 1667
List the prime factors of 5624336.
2, 71, 4951
List the prime factors of 14546486.
2, 53, 109, 1259
What are the prime factors of 16730531?
61, 274271
List the prime factors of 316896062.
2, 7, 22635433
List the prime factors of 48351214.
2, 24175607
List the prime factors of 10488951.
3, 11, 101, 1049
What are the prime factors of 66449535?
3, 5, 4429969
List the prime factors of 15848962.
2, 281, 28201
What are the prime factors of 149884176?
2, 3, 13, 401, 599
List the prime factors of 1426706885.
5, 157, 167, 10883
What are the prime factors of 3808349?
127, 157, 191
List the prime factors of 7571855756.
2, 19, 251, 396931
List the prime factors of 205805440.
2, 5, 321571
What are the prime factors of 25802002?
2, 12901001
List the prime factors of 73123642.
2, 197, 185593
List the prime factors of 227098059.
3, 61, 1240973
What are the prime factors of 84068366?
2, 17, 37, 3931
What are the prime factors of 246772485?
3, 5, 43, 73, 1747
List the prime factors of 15355451.
15355451
What are the prime factors of 2331809080?
2, 5, 17, 3429131
List the prime factors of 26519064.
2, 3, 11, 13, 7727
What are the prime factors of 48484524?
2, 3, 11, 367307
List the prime factors of 51184919.
59, 867541
List the prime factors of 413705365.
5, 43, 181, 10631
What are the prime factors of 35119402?
2, 137, 128173
What are the prime factors of 956636903?
17, 3671, 15329
What are the prime factors of 17182378?
2, 1019, 8431
List the prime factors of 1183455895.
5, 4729, 50051
What are the prime factors of 837442605?
3, 5, 757, 73751
What are the prime factors of 24045951?
3, 8015317
What are the prime factors of 326634699?
3, 1103, 98711
List the prime factors of 1708546477.
11, 43, 3612149
What are the prime factors of 485736392?
2, 127, 478087
List the prime factors of 34694752.
2, 37, 29303
List the prime factors of 669002539.
669002539
What are the prime factors of 141926628?
2, 3, 11827219
What are the prime factors of 3027680768?
2, 7, 844777
What are the prime factors of 248403091?
248403091
What are the prime factors of 67133409?
3, 7, 97, 32957
List the prime factors of 6218784495.
3, 5, 7, 11, 811, 2213
What are the prime factors of 1048501667?
23, 79, 107, 5393
What are the prime factors of 21896319?
3, 157, 46489
What are the prime factors of 41093244?
2, 3, 67, 631
List the prime factors of 12306